factors of (k/(-3))/((-9)/81)?
3, 37
Suppose 8*b - 15151 - 11641 = 0. Suppose b = 10*l - 1011. What are the prime factors of l?
2, 109
Suppose 36*k - 10173 - 97647 = 0. What are the prime factors of k?
5, 599
Let t = -150 + 138. Let l = 43 - t. What are the prime factors of l?
5, 11
Let y = 605 - 618. Let p(g) = -2*g**3 - 21*g**2 - 21*g - 2. What are the prime factors of p(y)?
2, 3, 31
Let z be (-285)/(-135) - (-2)/(-18). Suppose 2*q = 8, 0 = z*u - 2*q + 5*q + 50. Let y = 34 + u. List the prime factors of y.
3
Suppose -c + 2 + 0 = 0. Suppose 0*n - c*n - 53 = -l, -5*n + l = 128. Let t = n - -84. What are the prime factors of t?
59
Let a be (2 + -4)*24/(-16). Suppose 4*w - 2*w - a*m - 1322 = 0, 0 = w - m - 661. List the prime factors of w.
661
Let n = -316 + 712. Let m = -263 + n. List the prime factors of m.
7, 19
Let c = -56 - -57. Let d be (1 + -7)*2*c/(-2). Suppose -d*u = -477 - 39. What are the prime factors of u?
2, 43
Let i = 1006 + 13399. What are the prime factors of i?
5, 43, 67
Let l be ((-10)/(-25))/((-8)/(-80)). List the prime factors of 1 - ((l - 7 - -2) + -1149).
1151
Let q(d) = 2*d**3 - 7*d**2 - 6*d + 5. Let v be q(10). Let b = v + -806. List the prime factors of b.
439
Let g be 144/28 - 5 - 22/7. Let x be 2*(-1)/(g + 5). What are the prime factors of ((-3)/(-6))/(x/(-142))?
71
Let i(x) be the third derivative of -x**4/4 + 56*x**3/3 + 36*x**2. Let u be i(0). Suppose -r + u = 33. What are the prime factors of r?
79
Let f = -913 + 929. List the prime factors of ((-580)/f)/(9/(-288)).
2, 5, 29
Suppose -1836*j + 1846*j - 113270 = 0. What are the prime factors of j?
47, 241
Let r be 1*(3 + 4)/((-5)/(-5)). Let o = -1026 + 3066. Suppose r*b = -5*b + o. What are the prime factors of b?
2, 5, 17
Let l(x) = 3*x**2 + 39*x + 4. Let w be l(-13). Suppose -f + 3*f + 633 = c, 2*f = w*c - 2508. List the prime factors of c.
5
What are the prime factors of (-33 + 40)/(-7) - -1*(-1 + 3428)?
2, 3, 571
Let f be 21 + 102/(-68)*(-20)/6. Suppose -3*s = -3*t + t - f, 4*s - 31 = -t. List the prime factors of s.
2
Suppose 3 = 5*g - 22. Suppose -2*d - d - g*i - 5 = 0, -2*d + 4*i = -4. Suppose d = 4*h - k - 192 - 64, 5*h = k + 319. List the prime factors of h.
3, 7
Let u(t) be the first derivative of 53*t**2/2 + 3*t - 8. Let l(p) = -53*p - 3. Let w(z) = 3*l(z) + 4*u(z). What are the prime factors of w(1)?
2, 7
Let m(n) = 1361*n**3 + 0*n - 1332*n**3 - 3*n**2 - n. List the prime factors of m(2).
2, 109
Let r(s) = 718*s**3 - 3*s**2 - 6*s + 8. Suppose -17*c + 78 = 61. List the prime factors of r(c).
3, 239
List the prime factors of (-43 - -31)*4031*2/(-4).
2, 3, 29, 139
Let f(p) = 2*p**3 - 12*p**2 - 8*p - 14. Let h be f(7). Let t be 108/h - 2/(-14). Suppose -2*a + 42 = t*a. List the prime factors of a.
7
Suppose -w + 11 = -2*q, -18*q - 44 = -4*w - 22*q. Let f(y) = 54*y + 2. What are the prime factors of f(w)?
2, 149
Let h(k) = -2*k - 28. Let q be h(-13). What are the prime factors of (-916)/(-2) + q + -6 + 3?
3, 151
Suppose -11*x + 5*x - 42 = 0. Let q = 98 + x. What are the prime factors of q?
7, 13
Let v be 0/2 - (17 + 1). Suppose 1088*z = 1083*z - 135. What are the prime factors of ((-208)/(-6))/(v/z)?
2, 13
Let g be 504/35 - 6/15. Suppose -g*y + 2030 = -4*y. Suppose -7*d + y - 56 = 0. List the prime factors of d.
3, 7
Let t(c) = 4*c - 28. Suppose 7*j = 4*j - 15, 0 = 2*i - 4*j - 36. Let a be t(i). List the prime factors of 32/a*10 + -1.
79
Let p(k) = -k**3 - 8*k**2 - 39*k - 124. List the prime factors of p(-10).
2, 233
Let v be 3274/(-8)*2 - (-1)/2. Let w = v + 1430. List the prime factors of w.
2, 3, 17
Let w(v) = v**3 + 28*v**2 + 53*v + 31. Let s be w(-26). Suppose -5*y + 5*p + 2861 = -564, -s*y - 5*p = -3465. What are the prime factors of y?
13, 53
Let c = 76988 - 53846. List the prime factors of c.
2, 3, 7, 19, 29
Suppose 4*p + 12 = 2*b, -b - p = -12 + 9. Suppose -4*n + n + 3438 = 5*l, -l - b*n + 674 = 0. What are the prime factors of l?
2, 3, 5, 23
Suppose 34*q - 154365 - 143567 = -27938. What are the prime factors of q?
3, 2647
Let n(h) be the second derivative of 0 - 1/20*h**5 - h**2 + 1/2*h**3 + 3/4*h**4 - 8*h. List the prime factors of n(8).
2, 43
Let v = -42977 + 65076. What are the prime factors of v?
7, 11, 41
Suppose 2*k - 10 = -2*h, 4*h - 8*h - 5*k = -25. Suppose -2*s + 3*v + 1122 = h, 0*s + 2*s - 1138 = -5*v. What are the prime factors of s?
2, 3, 47
Let b(a) = 330*a**3 - 13*a**2 + 34*a - 10. List the prime factors of b(3).
5, 1777
Let t(g) = -289*g**3 + 0 - 40*g + 2*g**2 + 43*g + 1 + 62*g**3 - 295*g**3. List the prime factors of t(-1).
2, 3, 29
Suppose 160*p = -1501386 + 4407946. List the prime factors of p.
2, 31, 293
Suppose -120*o - 126*o = -317340. List the prime factors of o.
2, 3, 5, 43
Let a = 834 + -830. Suppose 4*g + 5148 = a*t - 0*g, t - 3*g - 1291 = 0. List the prime factors of t.
5, 257
Let t = 8839 + -2247. List the prime factors of t.
2, 103
Let b = 1259 + -4171. List the prime factors of (-2)/10 - 1/(35/b).
83
Let u(f) = -f**3 - 62*f**2 - 325*f + 223. List the prime factors of u(-66).
39097
Suppose 3306*b - 3311*b + 84976 = 3*n, b - 84968 = -3*n. What are the prime factors of n?
2, 7, 17
Suppose 0 = 16*k - 0 - 64. Suppose -31*w + 28*w + 1120 = m, -2*m = k*w - 1494. What are the prime factors of w?
373
Let k = -35008 + 50571. What are the prime factors of k?
79, 197
Let v = -13 + -264. Let l = 524 + v. Suppose 0 = -7*g - 65 + l. List the prime factors of g.
2, 13
Suppose 0 = 3*o + d + 2*d - 33, -5*o + 4*d + 73 = 0. Suppose 0 = -11*h + o*h - 32. Let y(u) = -u**2 + 24*u - 15. List the prime factors of y(h).
113
Suppose 6*h - 3891 - 101127 = 0. What are the prime factors of h?
23, 761
Let a = 172 + -34. Let t = 141 - a. Suppose 196 = x - 8*k + 4*k, 4*x - 745 = t*k. What are the prime factors of x?
2, 23
Suppose 0 = s + 5*g - 7*g - 5665, -2*s - 5*g = -11357. List the prime factors of s.
53, 107
Suppose -22879 = -3*y - 7822. What are the prime factors of y?
3, 7, 239
Suppose -1359610 = -i - 69*i. List the prime factors of i.
19423
Let k = -16 - -24. Suppose 2079 = k*y + 343. List the prime factors of y.
7, 31
Suppose -7*r = -671 + 34. Let h = r - -41. List the prime factors of h.
2, 3, 11
Suppose 36*h - 27*h - 608391 = 0. List the prime factors of h.
3, 7, 29, 37
Suppose -4*n + 41674 + 59365 = 12835. List the prime factors of n.
22051
Let y be (2 + (-1)/2)*66/(-11). List the prime factors of (6/y)/((-1)/765) + 3.
3, 19
Let b be 5/(-1 + (-18)/(-17)). Suppose 2*l = -3*p + 823, 6*l - 2*l = -4*p + 1104. Suppose p = j + b. List the prime factors of j.
2, 3, 31
Let s(b) = -b**2 + 16*b + 5. Let p(h) = 1 - 28*h + 0*h**3 + 6*h**2 + 31*h + h**3. Let j be p(-2). List the prime factors of s(j).
2, 3, 5
Let j(i) = 2*i**2 + 23. Suppose -64 = 4*y + 6*u - 8*u, u = -2*y - 32. List the prime factors of j(y).
5, 107
Let l(o) = o**3 - 7*o**2 - 13*o - 3. Let q = 68 + -70. Let u(t) = -3*t + 3. Let w be u(q). What are the prime factors of l(w)?
2, 3, 7
What are the prime factors of (23/(368/456))/(3/2578)?
19, 1289
Let z = -1 - -4. Suppose -w + 0 = p - 2, 3*p - z*w = 6. What are the prime factors of 103 - -1*(p + 2)?
107
Let j(o) = 36*o**2 - 3*o + 5. Suppose 14 + 14 = 7*l. Let q be j(l). Suppose 4*v + 3*k = q, -2*v = v - k - 430. List the prime factors of v.
11, 13
Suppose 0 = -3*u + 4*i - 280, -4*u = -7*u + 3*i - 279. Let v = 318 - u. List the prime factors of v.
2, 5, 41
Let z = -13 - -5. Let l(c) = -c**3 - 8*c**2 + 11*c - 6. Let i be l(z). Let v = 162 + i. List the prime factors of v.
2, 17
Let j be (-1)/(-1)*(-2 - (4 + -7)). List the prime factors of (2 - (j + 2))*-37.
37
Let j(m) = -2*m + 43. Let n be j(10). Suppose -n = -2*p - 21. Let q(a) = 156*a - 3. List the prime factors of q(p).
3, 17
Let v be -6 - (-11 + -4 + 1). Suppose -565 = v*l - 6853. List the prime factors of l.
2, 3, 131
Let t(f) = 10*f**2 + 5*f + 12. Let m be t(10). Let g = 1572 - m. What are the prime factors of g?
2, 3, 5, 17
Suppose 4*y = -4*h + 10356, -5*y + 10510 = -4*h - 2435. Suppose 0 = 36*p - y - 5259. What are the prime factors of p?
2, 109
What are the prime factors of (-8)/(-2) + (-620)/((-80)/8)?
2, 3, 11
Let a(o) = 3*o**3 + o**2 - 30*o - 10. List the prime factors of a(13).
2, 3, 5, 53
Let s(j) = 177*j - 3228. List the prime factors of s(79).
3, 5, 239
Suppose 8*f = 24*f